{"id":12,"date":"2021-07-29T07:56:04","date_gmt":"2021-07-29T07:56:04","guid":{"rendered":"https:\/\/grupogea.unex.es\/Brindis\/wordpress\/?page_id=12"},"modified":"2026-03-10T11:07:43","modified_gmt":"2026-03-10T11:07:43","slug":"inscripcion","status":"publish","type":"page","link":"https:\/\/grupogea.unex.es\/Brindis\/wordpress\/inscripcion\/","title":{"rendered":"Inscripci\u00f3n a Evento"},"content":{"rendered":"\n<p>En todos nuestros eventos los ni\u00f1os y j\u00f3venes son bienvenidos: junto con los vinos y cavas de la D.0, tambi\u00e9n se ofrecer\u00e1n mostos para los m\u00e1s j\u00f3venes. <\/p>\n\n\n\n<p>Ponte con contacto con tu ayuntamiento para formalizar la inscripci\u00f3n a la cata del evento.<\/p>\n","protected":false},"excerpt":{"rendered":"<p>En todos nuestros eventos los ni\u00f1os y j\u00f3venes son bienvenidos: junto con los vinos y cavas de la D.0, tambi\u00e9n se ofrecer\u00e1n mostos para los m\u00e1s j\u00f3venes. Ponte con contacto con tu ayuntamiento para formalizar la inscripci\u00f3n a la cata del evento.<\/p>\n","protected":false},"author":1,"featured_media":0,"parent":0,"menu_order":0,"comment_status":"closed","ping_status":"closed","template":"","meta":{"ngg_post_thumbnail":0,"footnotes":""},"class_list":["post-12","page","type-page","status-publish","hentry","entry"],"_links":{"self":[{"href":"https:\/\/grupogea.unex.es\/Brindis\/wordpress\/wp-json\/wp\/v2\/pages\/12","targetHints":{"allow":["GET"]}}],"collection":[{"href":"https:\/\/grupogea.unex.es\/Brindis\/wordpress\/wp-json\/wp\/v2\/pages"}],"about":[{"href":"https:\/\/grupogea.unex.es\/Brindis\/wordpress\/wp-json\/wp\/v2\/types\/page"}],"author":[{"embeddable":true,"href":"https:\/\/grupogea.unex.es\/Brindis\/wordpress\/wp-json\/wp\/v2\/users\/1"}],"replies":[{"embeddable":true,"href":"https:\/\/grupogea.unex.es\/Brindis\/wordpress\/wp-json\/wp\/v2\/comments?post=12"}],"version-history":[{"count":11,"href":"https:\/\/grupogea.unex.es\/Brindis\/wordpress\/wp-json\/wp\/v2\/pages\/12\/revisions"}],"predecessor-version":[{"id":1992,"href":"https:\/\/grupogea.unex.es\/Brindis\/wordpress\/wp-json\/wp\/v2\/pages\/12\/revisions\/1992"}],"wp:attachment":[{"href":"https:\/\/grupogea.unex.es\/Brindis\/wordpress\/wp-json\/wp\/v2\/media?parent=12"}],"curies":[{"name":"wp","href":"https:\/\/api.w.org\/{rel}","templated":true}]}}